.
7
What is 0 (base 8) in base 5?
0
-2 (base 10) to base 16
-2
What is -6b (base 13) in base 3?
-10022
2112 (base 3) to base 15
48
What is 27 (base 10) in base 14?
1d
Convert 4 (base 10) to base 5.
4
What is -8 (base 11) in base 16?
-8
What is -101 (base 2) in base 16?
-5
What is 110 (base 2) in base 13?
6
6 (base 10) to base 2
110
What is -5 (base 15) in base 10?
-5
Convert -215 (base 6) to base 10.
-83
What is 6 (base 13) in base 11?
6
6 (base 9) to base 16
6
Convert 1 (base 7) to base 14.
1
Convert -51 (base 13) to base 8.
-102
-10211 (base 3) to base 4
-1213
-7 (base 13) to base 10
-7
21 (base 13) to base 3
1000
What is -202 (base 3) in base 14?
-16
What is -310 (base 5) in base 12?
-68
4 (base 13) to base 15
4
-14 (base 15) to base 11
-18
-8 (base 10) to base 6
-12
Convert -10 (base 8) to base 3.
-22
What is -4 (base 16) in base 14?
-4
What is 12 (base 12) in base 3?
112
What is 25 (base 7) in base 10?
19
Convert 46 (base 8) to base 12.
32
Convert -21 (base 10) to base 9.
-23
Convert -150 (base 6) to base 12.
-56
Convert 0 (base 11) to base 10.
0
-24 (base 10) to base 13
-1b
321 (base 6) to base 8
171
Convert 81 (base 11) to base 2.
1011001
What is 142 (base 8) in base 4?
1202
-2 (base 14) to base 8
-2
2 (base 16) to base 3
2
Convert 6 (base 16) to base 6.
10
Convert -34 (base 12) to base 5.
-130
What is 18 (base 10) in base 4?
102
-15 (base 9) to base 2
-1110
Convert 3 (base 14) to base 3.
10
What is 3 (base 11) in base 3?
10
What is -44 (base 7) in base 3?
-1012
Convert -5 (base 12) to base 7.
-5
Convert 2 (base 9) to base 7.
2
-22 (base 11) to base 16
-18
What is -6b (base 13) in base 8?
-131
Convert -19 (base 16) to base 7.
-34
What is 0 (base 8) in base 7?
0
What is -37 (base 9) in base 14?
-26
Convert 22 (base 9) to base 8.
24
Convert 3 (base 11) to base 2.
11
4 (base 11) to base 16
4
10 (base 3) to base 4
3
Convert -325 (base 9) to base 7.
-530
16 (base 9) to base 3
120
What is -10011100 (base 2) in base 14?
-b2
123 (base 4) to base 6
43
Convert 35 (base 13) to base 9.
48
What is -1a (base 11) in base 15?
-16
Convert 11010101 (base 2) to base 13.
135
What is 8 (base 16) in base 5?
13
Convert 14 (base 14) to base 7.
24
Convert -377 (base 9) to base 16.
-139
Convert -60 (base 14) to base 10.
-84
Convert -11110110 (base 2) to base 11.
-204
What is -110 (base 2) in base 3?
-20
Convert -5 (base 16) to base 12.
-5
What is -343 (base 6) in base 12?
-b3
Convert -2 (base 10) to base 16.
-2
-2 (base 6) to base 14
-2
Convert 12 (base 7) to base 11.
9
104 (base 5) to base 12
25
Convert -51 (base 13) to base 10.
-66
-3 (base 11) to base 6
-3
What is 11 (base 2) in base 14?
3
What is 1 (base 13) in base 8?
1
What is -10110100 (base 2) in base 12?
-130
-4 (base 16) to base 9
-4
Convert -1c9 (base 13) to base 2.
-101001110
What is -133 (base 8) in base 15?
-61
Convert 10000 (base 2) to base 14.
12
What is 33 (base 4) in base 12?
13
What is 26 (base 13) in base 7?
44
-2 (base 16) to base 7
-2
-6 (base 16) to base 5
-11
What is -72 (base 8) in base 3?
-2011
Convert 2d (base 16) to base 6.
113
Convert -1002 (base 3) to base 7.
-41
Convert 40 (base 11) to base 13.
35
8c (base 15) to base 6
340
Convert 36 (base 7) to base 15.
1c
What is 72 (base 15) in base 16?
6b
Convert 57 (base 11) to base 5.
222
-1 (base 16) to base 9
-1
What is 0 (base 3) in base 5?
0
What is -214 (base 7) in base 5?
-414
What is -34 (base 9) in base 3?
-1011
What is 1 (base 12) in base 9?
1
15 (base 16) to base 7
30
Convert -23 (base 15) to base 13.
-27
What is -2 (base 16) in base 2?
-10
-7 (base 8) to base 13
-7
102 (base 3) to base 13
b
-10 (base 2) to base 13
-2
Convert 37 (base 15) to base 3.
1221
Convert -9 (base 16) to base 14.
-9
What is 189 (base 14) in base 5?
2232
What is -2 (base 14) in base 15?
-2
What is 2 (base 12) in base 5?
2
19 (base 12) to base 15
16
0 (base 6) to base 11
0
What is -152 (base 7) in base 11?
-79
Convert 2 (base 7) to base 6.
2
Convert -5 (base 8) to base 11.
-5
What is 7 (base 10) in base 2?
111
-6 (base 8) to base 16
-6
1d (base 14) to base 9
30
Convert 1011 (base 2) to base 8.
13
What is 76 (base 15) in base 14?
7d
What is -13 (base 11) in base 10?
-14
21 (base 5) to base 6
15
What is 0 (base 6) in base 5?
0
What is -d (base 16) in base 10?
-13
What is 2 (base 16) in base 15?
2
What is d (base 14) in base 5?
23
What is -10012 (base 3) in base 5?
-321
Convert -2 (base 11) to base 2.
-10
Convert 8 (base 9) to base 3.
22
Convert -35 (base 10) to base 2.
-100011
-1 (base 7) to base 15
-1
Convert 0 (base 14) to base 13.
0
What is -31 (base 11) in base 9?
-37
Convert -221 (base 4) to base 2.
-101001
Convert -102 (base 8) to base 9.
-73
140 (base 5) to base 13
36
-2 (base 5) to base 10
-2
Convert 17 (base 14) to base 10.
21
Convert -4 (base 10) to base 14.
-4
278 (base 9) to base 6
1025
What is 5 (base 14) in base 8?
5
-3 (base 9) to base 7
-3
Convert 1 (base 5) to base 14.
1
10 (base 4) to base 14
4
-1110 (base 2) to base 16
-e
Convert -42 (base 5) to base 8.
-26
Convert 4 (base 15) to base 14.
4
21 (base 4) to base 13
9
What is -4 (base 14) in base 5?
-4
-2 (base 5) to base 14
-2
What is -211 (base 6) in base 7?
-142
What is -223 (base 9) in base 5?
-1213
110 (base 2) to base 4
12
53 (base 11) to base 8
72
What is 0 (base 12) in base 3?
0
-10 (base 5) to base 6
-5
1 (base 15) to base 6
1
Convert 10 (base 14) to base 16.
e
-2 (base 15) to base 5
-2
c (base 14) to base 2
1100
Convert -104 (base 11) to base 8.
-175
What is 3b (base 15) in base 11?
51
What is 4 (base 15) in base 11?
4
101 (base 2) to base 8
5
What is 12 (base 6) in base 9?
8
4 (base 6) to base 9
4
-5 (base 11) to base 14
-5
Convert 174 (base 9) to base 10.
148
What is -200 (base 5) in base 12?
-42
What is -5 (base 8) in base 5?
-10
What is -a (base 14) in base 16?
-a
What is -25 (base 12) in base 15?
-1e
-2 (base 11) to base 8
-2
Convert 0 (base 9) to base 4.
0
Convert -9 (base 10) to base 4.
-21
Convert 65 (base 9) to base 4.
323
What is -a6 (base 13) in base 2?
-10001000
Convert -23 (base 7) to base 4.
-101
What is 71 (base 10) in base 2?
1000111
6 (base 13) to base 4
12
What is 13 (base 11) in base 5?
24
3 (base 8) to base 2
11
What is 0 (base 15) in base 6?
0
11010101 (base 2) to base 15
e3
-1 (base 10) to base 2
-1
-8 (base 9) to base 11
-8
What is 9 (base 15) in base 9?
10
56 (base 9) to base 13
3c
Convert -2 (base 9) to base 15.
-2
What is 1324 (base 6) in base 10?
340
What is 111 (base 2) in base 9?
7
What is -3 (base 6) in base 3?
-10
Convert 207 (base 13) to base 9.
423
-2 (base 6) to base 14
-2
Convert 21 (base 8) to base 14.
13
-4 (base 13) to base 2
-100
Convert -9 (base 12) to base 13.
-9
-35 (base 15) to base 2
-110010
8 (base 9) to base 13
8
Convert 4 (base 11) to base 5.
4
What is -76 (base 16) in base 11?
-a8
Convert -1 (base 7) to base 15.
-1
-16 (base 12) to base 8
-22
Convert -3 (base 14) to base 11.
-3
What is 4 (base 16) in base 4?
10
Convert 3 (base 5) to base 9.
3
Convert 200 (base 3) to base 9.
20
11122 (base 3) to base 13
98
3 (base 5) to base 8
3
11 (base 10) to base 3
102
What is 2 (base 6) in base 16?
2
-1100 (base 3) to base 12
-30
Convert 3 (base 13) to base 8.
3
What is -114 (base 10) in base 3?
-11020
What is 0 (base 16) in base 11?
0
What is -21 (base 3) in base 7?
-10
-3 (base 4) to base 10
-3
Convert 11 (base 4) to base 2.
101
23 (base 4) to base 15
b
-4 (base 14) to base 2
-100
Convert -12c (base 16) to base 10.
-300
-17 (base 16) to base 9
-25
10 (base 8) to base 3
22
Convert -181 (base 10) to base 15.
-c1
What is -41 (base 5) in base 7?
-30
What is -1 (base 3) in base 5?
-1
What is 13 (base 5) in base 3?
22
3 (base 5) to base 15
3
What is -13 (base 4) in base 14?
-7
-32 (base 10) to base 16
-20
Convert 42 (base 14) to base 6.
134
22 (base 6) to base 2
1110
Convert -43 (base 6) to base 5.
-102
Convert 187 (base 9) to base 14.
b6
What is -50 (base 13) in base 7?
-122
What is -31 (base 9) in base 3?
-1001
Convert -221 (base 5) to base 7.
-115
What is 1012 (base 3) in base 16?
20
Convert -1 (base 12) to base 7.
-1
-1000 (base 3) to base 15
-1c
What is -23 (base 9) in base 11?
-1a
Convert -1 (base 2) to base 5.
-1
4 (base 13) to base 7
4
What is -103 (base 5) in base 13?
-22
b (base 12) to base 13
b
What is -3 (base 14) in base 9?
-3
Convert 2 (b